rime factors of v(p)?
5, 53
Let u be 14/3 - ((-8)/(-12))/1. Let v be ((-705)/(-60))/((-1)/u). Let l = 78 + v. List the prime factors of l.
31
Let r(u) = -u**2 + 8*u + 4. Let w be r(8). Suppose w*m = 3*l - 25, -2*l + 7*m + 26 = 2*m. Suppose 6*x - 141 = l*x. What are the prime factors of x?
47
Suppose 323*o + 325000 = 375*o. List the prime factors of o.
2, 5
Suppose -417 = 2*z - 419. What are the prime factors of ((-376)/20)/(z/(-45))?
2, 3, 47
Let t = -898 + 1639. Suppose -3*w = -5*u - t, 2*w - 3*u = u + 492. What are the prime factors of w?
2, 3, 7
Let v(z) = z**2 - 3*z + 6. Let i be v(2). Suppose -85 = i*n + 3. Let t = n + 64. List the prime factors of t.
2, 3, 7
What are the prime factors of (29 - 30)/(1*(-2)/47486)?
23743
List the prime factors of 3610710/522 + 2/(-29).
6917
Let s be (-24)/(-20) + 32/40. Suppose 2*z = 3*b - 4342, 2*b + 2898 = 4*b - s*z. List the prime factors of b.
2, 19
Let l = -2139 - -3027. What are the prime factors of l?
2, 3, 37
Let z = -29904 - -98210. List the prime factors of z.
2, 7, 17, 41
Suppose 234*r = 208*r + 103220. List the prime factors of r.
2, 5, 397
Let m be ((-4)/(-4) - 4) + -13 + 17. Let u(k) = 493*k - 22. What are the prime factors of u(m)?
3, 157
Let d(h) be the third derivative of h**6/120 + h**5/30 - 19*h**4/24 - 16*h**3/3 + 121*h**2. What are the prime factors of d(10)?
2, 3, 163
Suppose 42495*a = 42510*a - 453975. List the prime factors of a.
5, 6053
Let i = 3882 + 14796. List the prime factors of i.
2, 3, 11, 283
Let l(i) = i**2 + 5*i + 19. Suppose 4*z + 16 = -16. What are the prime factors of l(z)?
43
Suppose 4 = 3*z - z, -5*d - 5*z + 21380 = 0. What are the prime factors of d?
2, 2137
Let j(m) = 59*m**2 + 404*m - 192. List the prime factors of j(-39).
3, 911
Suppose -3*x + 158533 = -23777. List the prime factors of x.
2, 5, 59, 103
Suppose 346 = 8*u - 358. Suppose u*h - 90*h = -446. What are the prime factors of h?
223
Let s = -562 - -566. Suppose -3*z + p = -1213, z + 144 = s*p + 530. List the prime factors of z.
2, 7, 29
Let k be (3/(-2))/(6/(-32)). Suppose 0 = k*z - 425 + 81. List the prime factors of z.
43
Suppose 0*w = y + 2*w - 13, -5*y + w = -43. Suppose y*u - 1089 = 2403. What are the prime factors of u?
2, 97
Suppose 14*c - 56 = 6*c. Let s(p) = 17*p + 74. What are the prime factors of s(c)?
193
Suppose 27*l - 25*l - 4 = 0. Suppose -2*r + 3*z = -7, 2*r - l*z + 3*z = 11. List the prime factors of r.
5
Let j = 181 + -173. Let g(t) = 106*t - 61. What are the prime factors of g(j)?
787
Let t = 8452 - 5143. List the prime factors of t.
3, 1103
Let g(x) = 2*x**2 - 2*x + 38. Let o be g(10). Let f = 99 + o. What are the prime factors of f?
317
Let s = 111577 + -66857. What are the prime factors of s?
2, 5, 13, 43
Suppose -202 = -25*v - 52. Suppose 19446 = -v*z + 20*z. What are the prime factors of z?
3, 463
Let h be -3 - (4/8)/((-4)/10464). Suppose 6*r = -5*j + r + 3275, 3*r + h = 2*j. Suppose -4*u + j + 102 = 0. What are the prime factors of u?
3, 7
What are the prime factors of ((-63513)/12)/((-11)/(-44) - 1)?
7057
Let y(u) = u**3 + 6*u**2 + 4*u - 2. Let q be y(-2). Let a(s) = 21*s**2 - 2*s + 51. List the prime factors of a(q).
3, 5, 53
Let l(q) = -330*q - 1253. What are the prime factors of l(-6)?
727
Let s(x) = 2*x + 13. Let d be s(-5). Suppose d*f - 290 - 217 = 0. Suppose -a - 4*z = z - f, 12 = 4*z. What are the prime factors of a?
2, 7, 11
Let m = 341 + -320. Suppose 1516 = -19*z + m*z. What are the prime factors of z?
2, 379
Suppose -693*r = -741*r + 394080. What are the prime factors of r?
2, 5, 821
Suppose -6 = -3*p - 2*y, -41*p - 3*y + 9 = -37*p. Suppose 11*i - 13*i + 5*k + 2179 = p, 5*i = 5*k + 5440. What are the prime factors of i?
1087
Suppose -7*k + 0*k = -56. Suppose 265 - 1789 = -3*g. Suppose 4*t + g = k*t. List the prime factors of t.
127
Let d = 110668 + -27295. What are the prime factors of d?
3, 27791
Let p = -1298 - -2952. List the prime factors of 64/(-160) - p/(-10).
3, 5, 11
Let v(y) = 54*y - 226. Let m be v(23). Let p = 1986 - m. List the prime factors of p.
2, 5, 97
Suppose 13327 = -5*c + 3*g - 4*g, 4*c - 4*g = -10676. Let r = -1882 - c. What are the prime factors of r?
2, 7
Let d(i) = 8*i**2 - 571*i - 83. What are the prime factors of d(91)?
2, 53, 67
Suppose 143 - 59 = -4*q. Let k be 5 + (q - 3)/(-6). List the prime factors of 1178/k - 2/(-18).
131
Let l be 40/(-22) - -2 - (-6223)/77. Let z = -46 + l. Suppose 4*t = -2*m + z + 41, -2*m + 38 = 2*t. List the prime factors of t.
19
Let n(f) = f**3 - 10*f**2 + 3*f + 6. Let g be n(15). Suppose -23*p + 26*p = g. Suppose -10*k + 14*k = p. What are the prime factors of k?
2, 7
Let h = -166 - -359. Let j = -157 + h. What are the prime factors of j?
2, 3
Suppose -w - z - 13 = 2*w, -20 = -4*z. List the prime factors of (-5 + (w - -5))/((-1)/159).
2, 3, 53
List the prime factors of 11367792/801 + 1 + 0.
3, 19, 83
Let t = -114 - 313. Let p = -145 - t. What are the prime factors of p?
2, 3, 47
Let x = 14130 - 8561. What are the prime factors of x?
5569
Let p be (-1*1)/(20/(-100)). Suppose -p*h + 4*u + 18 = -0*h, 0 = -4*h + 4*u + 16. What are the prime factors of h/(-7) - -1*3732/28?
7, 19
Let n(h) = -9393*h**3 - 2*h**2 + 5*h + 2. List the prime factors of n(-1).
2, 2347
Let p(t) be the first derivative of -143*t**2/2 - 7*t - 60. What are the prime factors of p(-3)?
2, 211
Suppose -10153 = -8*k - 3*k. Suppose 3 = -5*h + k. What are the prime factors of h?
2, 23
Let o be (14/4)/(7/1470). Let x = o + -124. Suppose 325 = 8*k - x. List the prime factors of k.
3, 13
Let r(w) = -3*w**3 - 270*w**2 + 109*w - 1460. List the prime factors of r(-91).
2, 3, 11, 17
Let r(s) be the third derivative of s**6/72 - 11*s**5/40 - 7*s**4/8 - 31*s**2. Let b(i) be the second derivative of r(i). What are the prime factors of b(22)?
11, 17
Suppose 55*t = 142774 + 440501. List the prime factors of t.
3, 5, 7, 101
Let s be (-40)/(-4) + (-6)/1. What are the prime factors of ((-4)/6)/(s/(-1170))?
3, 5, 13
Let f be 6/18*-15*(1 - 2). Suppose -f*z = -2*j + 31, -4*j + 29 = z - 0*z. What are the prime factors of -2 + (6/j)/(2/240)?
2, 11
Suppose 50176 = 2*p + 6*v, 125307 = 5*p - 13*v + 9*v. List the prime factors of p.
7, 3581
Let j be (-2)/(-4) + (-232)/16. Let t = j + 20. Suppose -5*q = -t*q + 83. What are the prime factors of q?
83
Let j(h) = -h**3 - 14*h**2 - 17*h - 8. Suppose 5*a + 8 + 67 = 0. Let i be j(a). Suppose -4*p = -3*m + i, -m + 4*p = 8*p - 184. List the prime factors of m.
2, 41
Let b(m) = -422*m - 36. Suppose -3*g + 8 = 5*q, 13*g = 11*g - 3*q + 4. List the prime factors of b(g).
2, 7, 59
List the prime factors of 10608 - 49/(441/54).
2, 3, 19, 31
Suppose 227*p + 2970810 = 3917722 + 4726272. What are the prime factors of p?
2, 11, 71
Let z(r) = 800*r**3 + 4*r**2 + 4*r - 10. What are the prime factors of z(2)?
2, 3, 1069
Let k(c) be the second derivative of c**4/12 + c**3/6 - 39*c**2/2 + 35*c. Let y be k(0). Let i = 62 + y. What are the prime factors of i?
23
Suppose 4*y = -5*g + 77, -5*y - 11*g + 10*g + 91 = 0. Suppose -q - 21*p + 1799 = -y*p, -4*p = -q + 1771. List the prime factors of q.
1787
List the prime factors of (-100)/(-150)*(-73254)/(-4).
29, 421
Suppose 4*y + 9*y - 10530 = 0. Suppose -4*b + 5*s + y = 0, -b - 4*s = 2*b - 592. What are the prime factors of b?
2, 5
Let m = 4639 - -2023. List the prime factors of m.
2, 3331
Let p(x) = -x**3 + 48*x**2 + 68*x + 69. Let o(i) = 10*i**2 - 13*i - 2. Let w be o(3). What are the prime factors of p(w)?
2, 5
Let c = -437 - -224. Let z = 585 + c. What are the prime factors of z?
2, 3, 31
Let v(m) = -m**3 - m**2 + m. Let o(t) = 9*t**3 + 15*t**2 + 2*t - 7. Let g(a) = -o(a) - 5*v(a). List the prime factors of g(-5).
2, 73
Let z = -6 + 6. Suppose -5*s + z*s + 45 = 0. Suppose 8*c - s*c = -114. List the prime factors of c.
2, 3, 19
Suppose -66*c = -29*c - 1179745. What are the prime factors of c?
5, 7, 911
Suppose 0 = -15*a + 24*a - 6030. Let g = 1009 - a. What are the prime factors of g?
3, 113
Let z = 62 - 47. Suppose -g = -2*g - 3*a - 10, -a + z = 4*g. Suppose g*n = 320 + 405. What are the prime factors of n?
5, 29
Let s = 99241 - 42429. List the prime factors of s.
2, 7, 2029
Suppose 2*h + 4278 = 6*h - 2*x, -5*x = -4*h + 4263. What are the prime factors of h/2 - (5 - (8 - 5))?
2, 3, 89
What are the p